{"id":104,"date":"2026-02-26T12:13:51","date_gmt":"2026-02-26T11:13:51","guid":{"rendered":"https:\/\/fseschueler4.bplaced.net\/www\/wordpress\/?page_id=104"},"modified":"2026-03-19T09:03:35","modified_gmt":"2026-03-19T08:03:35","slug":"reihenschaltung","status":"publish","type":"page","link":"https:\/\/fseschueler4.bplaced.net\/www\/wordpress\/reihenschaltung\/","title":{"rendered":"Reihenschaltung"},"content":{"rendered":"\n<p>Eine Reihenschaltung liegt vor, wenn elektrische Bauelemente <strong>hintereinander<\/strong> geschaltet sind, sodass durch alle Bauteile <strong>derselbe Strom<\/strong> flie\u00dft.<\/p>\n\n\n\n<h2 class=\"wp-block-heading\"><strong>Grundlagen<\/strong><\/h2>\n\n\n\n<p>In einer Reihenschaltung gelten folgende Gesetzm\u00e4\u00dfigkeiten:<\/p>\n\n\n\n<ul class=\"wp-block-list\">\n<li>Der <strong>Strom<\/strong> ist in allen Bauteilen gleich gro\u00df.<\/li>\n\n\n\n<li>Die <strong>Gesamtspannung<\/strong> teilt sich auf die einzelnen Bauteile auf.<\/li>\n\n\n\n<li>Die <strong>Gesamtwiderst\u00e4nde<\/strong> addieren sich.<\/li>\n<\/ul>\n\n\n\n<hr class=\"wp-block-separator has-alpha-channel-opacity\"\/>\n\n\n\n<h2 class=\"wp-block-heading\"><strong>Strom<\/strong><\/h2>\n\n\n\n<p>In der Reihenschaltung ist der Strom \u00fcberall gleich:<\/p>\n\n\n\n<p>$$I_{\\mathrm{ges}} = I_1 = I_2 = I_3$$<\/p>\n\n\n\n<hr class=\"wp-block-separator has-alpha-channel-opacity\"\/>\n\n\n\n<h2 class=\"wp-block-heading\"><strong>Spannung<\/strong><\/h2>\n\n\n\n<p>Die Gesamtspannung ist die Summe der Teilspannungen:<\/p>\n\n\n\n<p>$$U_{\\mathrm{ges}} = U_1 + U_2 + U_3$$<\/p>\n\n\n\n<hr class=\"wp-block-separator has-alpha-channel-opacity\"\/>\n\n\n\n<h2 class=\"wp-block-heading\"><strong>Widerstand<\/strong><\/h2>\n\n\n\n<p>Der Gesamtwiderstand berechnet sich aus der Summe der Einzelwiderst\u00e4nde:<\/p>\n\n\n\n<p>$$R_{\\mathrm{ges}} = R_1 + R_2 + R_3$$<\/p>\n\n\n\n<hr class=\"wp-block-separator has-alpha-channel-opacity\"\/>\n\n\n\n<h2 class=\"wp-block-heading\"><strong>Berechnung des Gesamtstroms<\/strong><\/h2>\n\n\n\n<p>Der Strom im Stromkreis wird mit dem Ohmschen Gesetz berechnet:<\/p>\n\n\n\n<p>$$I = \\frac{U_{\\mathrm{ges}}}{R_{\\mathrm{ges}}}$$<\/p>\n\n\n\n<hr class=\"wp-block-separator has-alpha-channel-opacity\"\/>\n\n\n\n<h2 class=\"wp-block-heading\"><strong>Spannungsteiler<\/strong><\/h2>\n\n\n\n<p>Die Teilspannung an einem einzelnen Widerstand ergibt sich aus:<\/p>\n\n\n\n<p>$$U_n = U_{\\mathrm{ges}} \\cdot \\frac{R_n}{R_{\\mathrm{ges}}}$$<\/p>\n\n\n\n<hr class=\"wp-block-separator has-alpha-channel-opacity\"\/>\n\n\n\n<h2 class=\"wp-block-heading\"><strong>Leistung<\/strong><\/h2>\n\n\n\n<p>Leistungsformeln:<\/p>\n\n\n\n<p>$$P = U \\cdot I$$<\/p>\n\n\n\n<p>$$P = R \\cdot I^2$$<\/p>\n\n\n\n<p>$$P = \\frac{U^2}{R}$$<\/p>\n\n\n\n<p>Gesamtleistung:<\/p>\n\n\n\n<p>$$P_{\\mathrm{ges}} = P_1 + P_2 + P_3$$<\/p>\n\n\n\n<hr class=\"wp-block-separator has-alpha-channel-opacity\"\/>\n\n\n\n<h2 class=\"wp-block-heading\"><strong>Zusammenfassung (Merks\u00e4tze)<\/strong><\/h2>\n\n\n\n<ul class=\"wp-block-list\">\n<li><strong>Strom:<\/strong> \u00fcberall gleich<\/li>\n\n\n\n<li><strong>Spannung:<\/strong> teilt sich auf<\/li>\n\n\n\n<li><strong>Widerstand:<\/strong> addiert sich<\/li>\n<\/ul>\n","protected":false},"excerpt":{"rendered":"<p>Eine Reihenschaltung liegt vor, wenn elektrische Bauelemente hintereinander geschaltet sind, sodass durch alle Bauteile derselbe Strom flie\u00dft. Grundlagen In einer Reihenschaltung gelten folgende Gesetzm\u00e4\u00dfigkeiten: Strom In der Reihenschaltung ist der Strom \u00fcberall gleich: $$I_{\\mathrm{ges}} = I_1 = I_2 = I_3$$ Spannung Die Gesamtspannung ist die Summe der Teilspannungen: $$U_{\\mathrm{ges}} = U_1 + U_2 + U_3$$ &hellip; <a href=\"https:\/\/fseschueler4.bplaced.net\/www\/wordpress\/reihenschaltung\/\" class=\"more-link\"><span class=\"screen-reader-text\">Reihenschaltung<\/span> weiterlesen<\/a><\/p>\n","protected":false},"author":1,"featured_media":0,"parent":0,"menu_order":0,"comment_status":"closed","ping_status":"closed","template":"","meta":{"footnotes":""},"class_list":["post-104","page","type-page","status-publish","hentry"],"_links":{"self":[{"href":"https:\/\/fseschueler4.bplaced.net\/www\/wordpress\/wp-json\/wp\/v2\/pages\/104","targetHints":{"allow":["GET"]}}],"collection":[{"href":"https:\/\/fseschueler4.bplaced.net\/www\/wordpress\/wp-json\/wp\/v2\/pages"}],"about":[{"href":"https:\/\/fseschueler4.bplaced.net\/www\/wordpress\/wp-json\/wp\/v2\/types\/page"}],"author":[{"embeddable":true,"href":"https:\/\/fseschueler4.bplaced.net\/www\/wordpress\/wp-json\/wp\/v2\/users\/1"}],"replies":[{"embeddable":true,"href":"https:\/\/fseschueler4.bplaced.net\/www\/wordpress\/wp-json\/wp\/v2\/comments?post=104"}],"version-history":[{"count":11,"href":"https:\/\/fseschueler4.bplaced.net\/www\/wordpress\/wp-json\/wp\/v2\/pages\/104\/revisions"}],"predecessor-version":[{"id":155,"href":"https:\/\/fseschueler4.bplaced.net\/www\/wordpress\/wp-json\/wp\/v2\/pages\/104\/revisions\/155"}],"wp:attachment":[{"href":"https:\/\/fseschueler4.bplaced.net\/www\/wordpress\/wp-json\/wp\/v2\/media?parent=104"}],"curies":[{"name":"wp","href":"https:\/\/api.w.org\/{rel}","templated":true}]}}